s 3099883 composite?
True
Is 1924763 a composite number?
True
Is 110726857 composite?
True
Is 30051953 composite?
True
Is 149137 composite?
True
Is 42714901 a composite number?
False
Is 14348693 composite?
True
Is 5406083 prime?
True
Is 1032385 prime?
False
Is 17023574 a composite number?
True
Is 23782967 composite?
True
Is 276069527 a prime number?
False
Is 363885757 composite?
True
Is 774757 a composite number?
False
Is 316103299 composite?
False
Is 902787 a prime number?
False
Is 31924957 prime?
True
Is 52692527 a prime number?
False
Is 13299017 prime?
True
Is 21383959 a composite number?
True
Is 1594751 a prime number?
False
Is 67948697 prime?
False
Is 104606233 a composite number?
True
Is 169427 a prime number?
True
Is 5101807 a prime number?
True
Is 3959899 composite?
False
Is 224987441 a prime number?
False
Is 106446857 composite?
True
Is 77121073 prime?
False
Is 345767 prime?
False
Is 570329 prime?
True
Is 13462331 a composite number?
False
Is 5997517 prime?
True
Is 1246181 composite?
False
Is 17643383 a prime number?
False
Is 1714327 prime?
True
Is 142471 prime?
False
Is 9606431 a prime number?
True
Is 4990213 prime?
True
Is 335986543 a composite number?
True
Is 627014 prime?
False
Is 1979891 a prime number?
True
Is 4691899 composite?
False
Is 143745229 a prime number?
True
Is 31504367 prime?
True
Is 22672999 prime?
True
Is 517981 prime?
True
Is 9175453 a prime number?
False
Is 4728773 a prime number?
False
Is 38110411 a composite number?
False
Is 3411613 a prime number?
False
Is 57666549 a prime number?
False
Is 58055407 a composite number?
False
Is 556743527 prime?
True
Is 306339163 prime?
False
Is 17816543 a composite number?
False
Is 46033199 a prime number?
True
Is 364669367 a composite number?
True
Is 2934737 a composite number?
True
Is 16673477 a composite number?
True
Is 345409489 prime?
False
Is 45734389 a composite number?
True
Is 62896615 prime?
False
Is 1336091 prime?
True
Is 107260019 a composite number?
False
Is 389866 prime?
False
Is 1808561 a prime number?
True
Is 36862729 a prime number?
True
Is 50344409 composite?
True
Is 3450661 a composite number?
True
Is 1475647 a prime number?
True
Is 27516739 a composite number?
False
Is 27288377 composite?
False
Is 252352361 prime?
True
Is 20994613 composite?
True
Is 11514871 a composite number?
False
Is 4194262 composite?
True
Is 68558799 prime?
False
Is 5545849 composite?
False
Is 82344791 a composite number?
True
Is 37343093 prime?
True
Is 88065793 prime?
True
Is 12686747 a prime number?
True
Is 1953977 prime?
True
Is 5848361 a prime number?
True
Is 2867621 prime?
False
Is 56939 composite?
True
Is 1274459 composite?
True
Is 100418009 a composite number?
False
Is 5726571 a composite number?
True
Is 4338199 a composite number?
False
Is 25169461 a prime number?
True
Is 89955265 a composite number?
True
Is 3210341 composite?
True
Is 5174863 a composite number?
False
Is 2133023 a composite number?
False
Is 15564193 composite?
True
Is 31671019 a prime number?
True
Is 9554147 a prime number?
False
Is 14415563 prime?
True
Is 5643427 a composite number?
False
Is 61862443 composite?
True
Is 216949 prime?
False
Is 282756307 prime?
True
Is 34645181 a prime number?
False
Is 55069 a prime number?
False
Is 1037459 a composite number?
True
Is 10875437 composite?
False
Is 9855647 a prime number?
True
Is 36247415 a prime number?
False
Is 9542999 prime?
False
Is 164216071 prime?
True
Is 1866827 composite?
False
Is 3600323 prime?
False
Is 3430711 a composite number?
False
Is 132047 prime?
True
Is 26926089 prime?
False
Is 6193553 prime?
True
Is 312527 a prime number?
True
Is 87695 a composite number?
True
Is 3149015 a prime number?
False
Is 1264319 composite?
True
Is 396745357 a composite number?
True
Is 102041 prime?
False
Is 1763081 prime?
True
Is 31090285 a prime number?
False
Is 361498 prime?
False
Is 30034617 a composite number?
True
Is 9724201 composite?
False
Is 7098073 prime?
False
Is 3048127 prime?
False
Is 323759 a prime number?
True
Is 95916977 prime?
False
Is 23928173 composite?
False
Is 302399 a prime number?
True
Is 214285259 a composite number?
False
Is 42103099 composite?
True
Is 113305771 a composite number?
False
Is 1355346865 composite?
True
Is 426527 a prime number?
True
Is 1687409 prime?
False
Is 288140717 prime?
True
Is 109556017 a composite number?
False
Is 225760303 a prime number?
True
Is 4644667 composite?
False
Is 19853 a composite number?
False
Is 19391851 composite?
False
Is 4012259 prime?
False
Is 2545039 composite?
True
Is 236018713 a composite number?
True
Is 23332346 a composite number?
True
Is 386189857 a prime number?
False
Is 1331894 prime?
False
Is 458933 composite?
True
Is 825449 composite?
True
Is 244444961 prime?
True
Is 193394233 a prime number?
False
Is 3147343 composite?
True
Is 227009009 prime?
True
Is 48907511 prime?
True
Is 742661 prime?
False
Is 10753471 composite?
True
Is 135948023 a composite number?
False
Is 203142649 a prime number?
True
Is 3629498 prime?
False
Is 19220731 composite?
True
Is 1675337 composite?
True
Is 7253699 composite?
False
Is 22138031 a composite number?
False
Is 18378169 prime?
True
Is 224068549 a prime number?
True
Is 35181183 a composite number?
True
Is 46684877 composite?
False
Is 77542217 a composite number?
True
Is 105990163 prime?
False
Is 1576847 a composite number?
True
Is 1881155 a composite number?
True
Is 4358257 prime?
True
Is 1142851 prime?
True
Is 28116035 a composite number?
True
Is 263914291 prime?
False
Is 79260889 a composite number?
True
Is 8756897 composite?
False
Is 1609211 prime?
True
Is 131501317 a prime number?
False
Is 68616179 composite?
False
Is 997949 composite?
False
Is 51642413 a composite number?
True
Is 460122019 composite?
True
Is 122091391 a prime number?
True
Is 10811419 prime?
True
Is 38269787 a composite number?
False
Is 8343353 a prime number?
True
Is 217808807 composite?
False
Is 1667179 a composite number?
False
Is 1499567 prime?
True
Is 113399717 composite?
False
Is 4386061 a composite number?
False
Is 21658547 composite?
False
Is 21533207 a prime number?
True
Is 897553 a prime number?
True
Is 48694031 composite?
True
Is 497337 a composite number?
True
Is 893066 composite?
True
Is 1651343 prime?
True
Is 25697407 a composite number?
False
Is 25095923 composite?
True
Is 197532653 a composite number?
False
Is 90364121 a composite number?
False
Is 1504357 composite?
True
Is 106880461 composite?
False
Is 12508967 composite?
True
Is 913637 a prime number?
True
Is 11099093 prime?
False
Is 261423607 a prime number?
True
Is 1435687 a prime number?
False
Is 8333198 prime?
False
Is 7967455 composite?
True
Is 150164293 a prime number?
True
Is 87042503 a prime number?
False
Is 4723577 a prime number?
False
Is 31630441 composite?
False
Is 6877837 composite?
False
Is 41925683 composite?
False
Is 65353277 composite?
True
Is 325088627 composite?
False
Is 7772363 a composite number?
True
Is 211039 prime?
True
Is 86092813 a prime number?
True
Is 4386089 a composite number?
False
Is 140977 a prime number?
True
Is 498993263 a prime number?
True
Is 2759215 prime?
False
Is 194429099 composite?
False
Is 218419363 a prime number?
False
Is 40867831 a prime number?
False
Is 3518759 prime?
True
Is 12313043 a composite number?
False
Is 22546591 a composite number?
False
Is 5657437 composite?
True
Is 5003815 a prime number?
False
Is 792293 prime?
True
Is 3035937 prime?
False
Is 3442759 prime?
True
Is 5626583 prime?
True
Is 4165517 a prime number?
True
Is 134003717 prime?
True
Is 60088679 composite?
True
Is 1381819 a prime number?
True
Is 582980147 a composite number?
True
Is 68387557 prime?
False
Is 25548221 composite?
False
Is 4333991 composite?
False
Is 24261542 a composite number?
True
Is 25993763 composite?
True
Is 215009029 a composite number?
False
Is 5706497 a prime number?
True
Is 10033493 prime?
True
Is 561521 prime?
True
Is 404653 composite?
True
Is 68209341 a composite number?
True
Is 28483243 prime?
False
Is 3132179 prime?
True
Is 206959561 composite?
True
Is 32253997 prime?
False
Is 366795959 prime?
True
Is 98846849 a prime number?
True
Is 10172047 prime?
False
Is 7772671 composite?
True
Is 31649819 composite?
True
Is 320121979 a prime number?
True
Is 112711 composite?
True
Is 9524219 a composite